Let t(f) = f**3 + 17*f**2 + 66*f + 17. Give t(-11).
17
Let q(m) = 20406*m + 120548. Give q(-6).
-1888
Let a(k) = k**2 - 1246*k + 8615. Give a(7).
-58
Let k(a) = -44*a**2 + 969*a - 53. What is k(22)?
-31
Let y(u) = -u**2 + 291*u - 17636. What is y(85)?
-126
Let u(y) = -231*y**3 - 2*y**2 + 854*y + 855. Determine u(-1).
230
Let j(m) = 4*m + 487. Determine j(28).
599
Let x(l) = 372*l + 2932. Determine x(-8).
-44
Let y(n) = 4245*n - 13810. Determine y(2).
-5320
Let o(m) = -277848*m - 1389218. Determine o(-5).
22
Let p(l) = 282*l + 12103. Determine p(-43).
-23
Let w(a) = 19*a**2 + 181*a + 1149. Give w(-6).
747
Let k(i) = 2*i**3 + 167*i**2 + 359*i - 4091. What is k(-81)?
-365
Let v(b) = -2*b**3 + 18*b**2 - 1195*b + 10744. What is v(9)?
-11
Let h(v) = v**3 + 581548*v + 3. Calculate h(0).
3
Let f(m) = -20745*m - 394144. What is f(-19)?
11
Let b(p) = -p**3 - 5*p**2 - 72*p - 197. What is b(-3)?
1
Let n(w) = -825*w + 8990. Determine n(11).
-85
Let g(p) = -1119*p - 355873. What is g(-318)?
-31
Let o(w) = -56*w**3 - 57*w**2 + 119*w - 6. What is o(2)?
-444
Let y(k) = -44*k**3 - 624*k**2 + 1291*k + 183. What is y(-16)?
7
Let t(c) = 2*c**2 + 152*c - 532. Determine t(-102).
4772
Let p(s) = -185*s**3 - 2961*s**2 - 88*s - 1155. Calculate p(-16).
-3
Let g(w) = -75*w**2 + 3223*w + 127. What is g(43)?
41
Let z(m) = -4*m**2 + 80*m - 241. Give z(5).
59
Let o(s) = 3*s**2 - 854*s + 36650. Determine o(232).
-6
Let q(x) = -x**3 + 296*x**2 + 479*x + 35029. Give q(298).
163
Let m(v) = -1084*v - 29249. Calculate m(-27).
19
Let v(d) = -7469*d - 12435. Calculate v(-2).
2503
Let h(f) = f**3 - 63*f**2 + 66*f - 616. What is h(62)?
-368
Let r(g) = g**3 - 2*g**2 - 9*g + 11. Give r(0).
11
Let h(f) = -215260*f + 430435. Give h(2).
-85
Let a(m) = 9786*m + 1683189. Calculate a(-172).
-3
Let y(j) = j**3 - 54*j**2 - 21*j + 1138. What is y(54)?
4
Let m(a) = 276097*a + 1380484. Give m(-5).
-1
Let j(c) = -69*c**2 - 406*c - 1208. Determine j(-3).
-611
Let y(d) = 3*d**3 + 147*d**2 - 513*d - 2342. What is y(-52)?
-2
Let y(u) = 2*u**2 - 197*u + 4527. What is y(30)?
417
Let j(o) = o**2 - 990*o + 10. What is j(0)?
10
Let w(k) = -52*k**2 - 4540*k - 249. Calculate w(-87).
1143
Let s(q) = -q**3 + 45*q**2 + 151*q + 2198. What is s(48)?
2534
Let m(c) = c**2 + 1179*c - 157413. Calculate m(121).
-113
Let j(h) = h**3 - 264*h**2 + 3268*h - 24. What is j(13)?
41
Let w(d) = -d**3 - 7*d**2 - 5830*d - 40812. What is w(-7)?
-2
Let p(w) = 2*w**3 + 55*w**2 - 315*w - 849. Calculate p(-32).
15
Let b(k) = -2998*k + 125964. Give b(42).
48
Let h(d) = 8614*d + 947538. Calculate h(-110).
-2
Let m(s) = 5*s**3 + 102*s**2 + 65*s - 165. Determine m(-20).
-665
Let l(z) = 89*z**2 - 918*z - 42. Determine l(10).
-322
Let w(v) = -3*v**3 + 13*v**2 + 175*v - 907. What is w(12)?
-2119
Let a(w) = -2*w**3 + 109*w**2 + 279*w + 462. Give a(57).
120
Let s(f) = f**3 + 24*f**2 - 25*f - 1834. What is s(-21)?
14
Let o(p) = 3*p**2 + 106907*p - 641519. Calculate o(6).
31
Let s(j) = -976*j**2 - 7802*j - 6. Calculate s(-8).
-54
Let j(i) = 850*i**3 + 45*i**2 + 47*i + 1. Calculate j(-1).
-851
Let f(m) = -1411*m - 65. What is f(0)?
-65
Let w(q) = -31*q**3 - 82*q**2 + 20*q + 41. What is w(-3)?
80
Let v(s) = 89*s**2 + 130*s + 323. Calculate v(-3).
734
Let u(a) = a**3 - 213*a**2 - 2245*a - 141. Determine u(-10).
9
Let x(h) = -511*h**2 + 137*h + 47. Calculate x(3).
-4141
Let v(m) = -16196*m - 11126668. Calculate v(-687).
-16
Let k(v) = 7*v**3 - 30*v**2 - 336*v - 99. What is k(-5)?
-44
Let s(n) = -76*n**3 - 139*n**2 + 26*n - 8. Calculate s(-2).
-8
Let x(u) = 4*u**3 + 1177*u**2 + 2626*u - 587. Determine x(-292).
-3
Let o(j) = -8*j**2 + 1136*j - 27544. Calculate o(111).
-16
Let y(x) = -x**3 + 84*x**2 + 29914*x + 1326. Give y(220).
6
Let h(u) = -2*u**3 - 52*u**2 - 40*u - 14. Give h(-26).
1026
Let v(k) = -72475*k - 2029308. Give v(-28).
-8
Let u(o) = -o**3 + 13*o**2 + 44*o - 771. Calculate u(10).
-31
Let k(i) = 16133*i - 64542. Calculate k(4).
-10
Let o(p) = -98122*p + 10008437. Calculate o(102).
-7
Let h(f) = -23*f**2 + 1934*f + 3817. Calculate h(86).
33
Let f(c) = -3*c**3 - 163*c**2 - 2162*c - 11. Give f(-23).
-11
Let b(w) = -473*w + 25398. Calculate b(52).
802
Let a(z) = z**3 - 117*z**2 + 1849*z + 1290. Determine a(98).
16
Let d(x) = -2*x**3 + 11*x**2 - 2875*x + 23312. Determine d(8).
-8
Let b(f) = 274*f + 35881. Give b(-131).
-13
Let p(i) = 3*i**2 + 302*i - 4735. Calculate p(14).
81
Let s(x) = -11107*x - 62704. Give s(-6).
3938
Let n(s) = -s**3 - 92*s**2 - 1352*s - 1496. Calculate n(-17).
-187
Let x(r) = 96*r**3 - 2*r**2 + 4465*r - 13393. Determine x(3).
2576
Let w(t) = t**3 - 44*t**2 + 259*t - 1. Give w(37).
-1
Let g(y) = y**3 + 15*y**2 - 389*y + 540. Determine g(-29).
47
Let d(o) = -o**2 - 676*o - 19963. Give d(-31).
32
Let f(g) = -544*g + 18046. What is f(33)?
94
Let y(s) = -s**2 - 241*s + 2249. Determine y(9).
-1
Let z(h) = 15581*h - 77929. Calculate z(5).
-24
Let f(s) = -8*s**3 - 1528*s**2 - 7*s - 1336. Calculate f(-191).
1
Let g(s) = -1998*s - 5853. Give g(-3).
141
Let x(g) = -g**2 - 9424*g + 4175546. What is x(424)?
-6
Let a(n) = 10*n**2 + 746*n - 768. Calculate a(-76).
296
Let r(s) = -s**3 + 145*s**2 + 2529*s - 366820. Determine r(145).
-115
Let w(k) = 19*k - 153. Calculate w(-8).
-305
Let x(b) = -69*b**2 - 1243*b + 6190. Calculate x(5).
-1750
Let s(x) = 9*x**2 + 695*x + 13288. Give s(-35).
-12
Let p(w) = -2*w**2 - 786*w - 8409. Give p(-11).
-5
Let j(l) = 576*l + 7374. What is j(-11)?
1038
Let s(n) = -2156182*n - 10780911. Determine s(-5).
-1
Let m(g) = 257428*g - 18019991. Give m(70).
-31
Let v(z) = 8304*z - 58133. Give v(7).
-5
Let m(v) = -165*v**2 + 10104*v - 2385. Determine m(61).
-6
Let p(m) = 4*m**2 - 180*m + 385. Calculate p(44).
209
Let s(g) = 6*g**3 + 124*g**2 - 19*g + 39. Calculate s(-20).
2019
Let v(x) = -x**2 - 30701*x + 245684. Calculate v(8).
12
Let q(g) = g**2 + 26664*g - 320102. Give q(12).
10
Let k(b) = -b**3 + 11*b**2 + 86*b + 64. Calculate k(16).
160
Let t(s) = -50*s**2 - 1730*s + 2516. Give t(-36).
-4
Let x(h) = 20*h**2 + 1186*h + 13351. Give x(-44).
-113
Let q(n) = -4*n**3 + 28*n**2 - 71*n + 672. Give q(9).
-615
Let c(w) = 4*w**2 - 3609*w + 25105. What is c(7)?
38
Let i(v) = v**3 + 12*v**2 - 1172*v + 7235. What is i(7)?
-38
Let b(u) = -3*u**2 + 371*u + 5558. Calculate b(131).
2676
Let k(d) = d**2 + 173*d - 15151. Calculate k(-237).
17
Let v(z) = 206839*z + 3. Calculate v(0).
3
Let b(o) = -46774*o - 5. Determine b(0).
-5
Let q(n) = -n**3 + 60*n**2 - 1131*n + 58866. Determine q(58).
-4
Let f(m) = m**3 - 47*m**2 - 422*m + 14. What is f(-9)?
-724
Let p(u) = -236*u**2 - 7349*u - 1018. What is p(-31)?
5
Let y(v) = v**3 + 48*v**2 - 4050*v - 172. Determine y(-92).
12
Let w(d) = 2008*d - 126304. What is w(63)?
200
Let o(p) = -p**3 + 31*p**2 - 54*p - 299. Give o(29).
-183
Let z(y) = -4*y**3 + 3427*y**2 - 26328*y + 7642. What is z(849)?
1
Let g(j) = 3*j**2 - 41*j - 23197. Give g(95).
-17
Let c(w) = w**2 - 258094*w - 516204. What is c(-2)?
-12
Let l(i) = -3*i**3 + 4*i**2 + 66*i + 254. What is l(-6)?
650
Let y(h) = -h**3 - 57*h**2 - 522*h + 579. What is y(-23)?
-5401
Let q(r) = 4204*r + 100891. What is q(-24)?
-5
Let d(t) = 2*t**3 - 653*t**2 + 292*t + 11049. Determine d(326).
-35
Let v(m) = -13*m**3 + 1805*m**2 + 281*m - 311. What is v(139)?
106
Let q(s) = 2078*s**3 - 321*s**2 + 317*s + 6. What is q(1)?
2080
Let c(v) = -v**3 + 1489*v**2 + 7492*v + 122. What is c(-5)?
12
Let a(m) = -m**3 - 25*m**2 + 130*m + 4035. What is a(-23)?
-13
Let u(d) = d**2 - 4031*d + 1291692. Determine u(351).
12
Let g(i) = 17194*i - 481407. What is g(28)?
25
Let a(k) = -2414*k - 113977. Determine a(-47).
-519
Let z(d) = 447507*d**2 + 12082687*d - 58. Determine z(-27).
-4
Let i(a) = a**2 + 456*a + 28538. Give i(-80).
-1542
Let q(b) = -2*b**2 - 1333*b - 9448. What is q(-7)?
-215
Let f(d) = 171*d**3 + 1369*d**2 - 38*d - 273. Calculate f(-8).
95
Let x(k) = -1321*k - 430617. Determine x(-326).
29
Let d(g) = -400*g + 3067. Give d(8).
-133
Let y(s) = -64*s**2 + 1930*s - 2103. Determine y(29).
43
Let q(f) = 12*f**2 - 321*f - 6293. Calculate q(-13).
-92
Let c(v) = -834*v - 88700. Calculate c(-105).
-1130
Let d(u) = 3*u**3 - 1064*u**2 - 5758*u - 721. Determine d(360).
-1
Let p(j) = 24*j**3 + 5184*j**2 + 5161*j + 172. What is p(-215)?
-43
Let l(u) = -31*u**3 + 351*u